the prime factors of 3052761.
3, 911, 1117
List the prime factors of 41709.
3, 13903
List the prime factors of 133604.
2, 127, 263
List the prime factors of 1340358.
2, 3, 127, 1759
What are the prime factors of 183596?
2, 7, 79, 83
What are the prime factors of 485249?
139, 3491
List the prime factors of 774753.
3, 7, 79, 467
List the prime factors of 706483.
131, 5393
What are the prime factors of 235786?
2, 31, 3803
What are the prime factors of 120103?
120103
What are the prime factors of 355279?
29, 12251
What are the prime factors of 16277097?
3, 59, 91961
What are the prime factors of 272604?
2, 3, 22717
List the prime factors of 455890.
2, 5, 45589
What are the prime factors of 334279?
11, 30389
What are the prime factors of 5901621?
3, 11, 43, 4159
List the prime factors of 5895870.
2, 3, 5, 59, 3331
What are the prime factors of 394435?
5, 78887
What are the prime factors of 1259763?
3, 419921
What are the prime factors of 1269125?
5, 11, 13, 71
List the prime factors of 4970593.
353, 14081
List the prime factors of 1074109.
1074109
What are the prime factors of 386630?
2, 5, 23, 41
List the prime factors of 13682.
2, 6841
What are the prime factors of 7391118?
2, 3, 7, 175979
What are the prime factors of 6475260?
2, 3, 5, 11, 9811
What are the prime factors of 5401911?
3, 1800637
List the prime factors of 111473.
19, 5867
List the prime factors of 437893.
19, 1213
What are the prime factors of 8213094?
2, 3, 456283
What are the prime factors of 2345208?
2, 3, 19, 37, 139
What are the prime factors of 144863?
31, 4673
List the prime factors of 3157881.
3, 1019, 1033
List the prime factors of 21719432.
2, 7, 19, 137, 149
List the prime factors of 643536.
2, 3, 41, 109
List the prime factors of 82072.
2, 10259
What are the prime factors of 1159366?
2, 13, 17, 43, 61
List the prime factors of 15995684.
2, 467, 8563
What are the prime factors of 1406060?
2, 5, 229, 307
List the prime factors of 371520.
2, 3, 5, 43
List the prime factors of 6274358.
2, 3137179
List the prime factors of 4072346.
2, 19, 31, 3457
List the prime factors of 1576886.
2, 17, 19, 2441
List the prime factors of 8430787.
8430787
List the prime factors of 162416.
2, 10151
List the prime factors of 157155.
3, 5, 10477
What are the prime factors of 12894313?
17, 44617
What are the prime factors of 163205?
5, 7, 4663
List the prime factors of 444507.
3, 7, 61, 347
List the prime factors of 15549711.
3, 163, 31799
List the prime factors of 2306360.
2, 5, 7, 8237
What are the prime factors of 1726376?
2, 215797
What are the prime factors of 9815824?
2, 233, 2633
What are the prime factors of 578897?
11, 52627
What are the prime factors of 302083?
293, 1031
List the prime factors of 2629664.
2, 37, 2221
List the prime factors of 180040.
2, 5, 7, 643
What are the prime factors of 1962334?
2, 11, 191, 467
What are the prime factors of 2757875?
5, 22063
List the prime factors of 223605.
3, 5, 4969
List the prime factors of 9543857.
41, 232777
What are the prime factors of 365956?
2, 191, 479
What are the prime factors of 1821960?
2, 3, 5, 7, 241
List the prime factors of 21267660.
2, 3, 5, 354461
List the prime factors of 26196676.
2, 11, 595379
What are the prime factors of 839793?
3, 157, 1783
List the prime factors of 13384243.
2351, 5693
What are the prime factors of 3704268?
2, 3, 41, 7529
List the prime factors of 4288559.
11, 37, 41, 257
List the prime factors of 988209.
3, 19, 5779
List the prime factors of 6134588.
2, 503, 3049
List the prime factors of 325087.
7, 46441
List the prime factors of 483172.
2, 199, 607
What are the prime factors of 7029438?
2, 3, 13, 90121
List the prime factors of 72351.
3, 8039
List the prime factors of 185987.
185987
List the prime factors of 407940.
2, 3, 5, 13, 523
What are the prime factors of 18552121?
7, 1619, 1637
List the prime factors of 28985119.
17, 149, 11443
What are the prime factors of 486958?
2, 243479
What are the prime factors of 214251?
3, 17, 4201
List the prime factors of 2517304.
2, 23, 13681
What are the prime factors of 18889164?
2, 3, 7, 23, 3259
List the prime factors of 20146645.
5, 127, 31727
List the prime factors of 9004367.
9004367
What are the prime factors of 2708070?
2, 3, 5, 19, 4751
List the prime factors of 173593.
7, 24799
What are the prime factors of 84783?
3, 59, 479
List the prime factors of 1241803.
73, 17011
What are the prime factors of 847016?
2, 239, 443
List the prime factors of 314872.
2, 39359
What are the prime factors of 30929?
157, 197
What are the prime factors of 912922?
2, 456461
List the prime factors of 67167.
3, 17, 439
List the prime factors of 1039854.
2, 3, 173309
List the prime factors of 3588330.
2, 3, 5, 119611
List the prime factors of 368768.
2, 43, 67
What are the prime factors of 103447?
31, 47, 71
What are the prime factors of 124217?
31, 4007
What are the prime factors of 1311493?
1311493
What are the prime factors of 1803601?
601, 3001
What are the prime factors of 1206641?
61, 131, 151
What are the prime factors of 7234733?
11, 657703
What are the prime factors of 238841?
238841
List the prime factors of 63893.
181, 353
List the prime factors of 2119942.
2, 11, 173, 557
What are the prime factors of 5742031?
1433, 4007
What are the prime factors of 95812?
2, 17, 1409
What are the prime factors of 3150212?
2, 13, 29, 2089
What are the prime factors of 339393?
3, 113131
What are the prime factors of 15544?
2, 29, 67
What are the prime factors of 327582?
2, 3, 18199
List the prime factors of 1369045.
5, 19, 14411
What are the prime factors of 978348?
2, 3, 7, 19, 613
List the prime factors of 1658282.
2, 17, 19, 151
What are the prime factors of 2329388?
2, 229, 2543
What are the prime factors of 171228?
2, 3, 19, 751
What are the prime factors of 627762?
2, 3, 23, 4549
What are the prime factors of 14494517?
443, 32719
What are the prime factors of 255127?
255127
What are the prime factors of 529784?
2, 47, 1409
What are the prime factors of 33750?
2, 3, 5
List the prime factors of 5367117.
3, 7, 29, 1259
List the prime factors of 66411.
3, 47, 157
What are the prime factors of 1126086?
2, 3, 13, 14437
What are the prime factors of 15670622?
2, 11, 712301
What are the prime factors of 2604311?
19, 113, 1213
List the prime factors of 3134954.
2, 1567477
List the prime factors of 197946.
2, 3, 7, 1571
What are the prime factors of 18357200?
2, 5, 45893
List the prime factors of 1080371.
61, 89, 199
List the prime factors of 7382.
2, 3691
List the prime factors of 1354816.
2, 21169
What are the prime factors of 13987148?
2, 7, 71363
List the prime factors of 396532.
2, 99133
List the prime factors of 285893.
19, 41, 367
What are the prime factors of 551748?
2, 3, 45979
List the prime factors of 955313.
955313
What are the prime factors of 32707?
32707
List the prime factors of 228572.
2, 57143
What are the prime factors of 15562888?
2, 11, 17, 101, 103
List the prime factors of 561907.
561907
What are the prime factors of 987541?
987541
What are the prime factors of 6176459?
1979, 3121
What are the prime factors of 525757?
23, 22859
What are the prime factors of 47357?
23, 29, 71
What are the prime factors of 4671088?
2, 29, 10067
What are the prime factors of 670422?
2, 3, 29, 3853
What are the prime factors of 504033?
3, 17, 9883
List the prime factors of 29461108.
2, 7365277
What are the prime factors of 286236?
2, 3, 7951
List the prime factors of 8864537.
11, 805867
List the prime factors of 14113704.
2, 3, 11, 193, 277
What are the prime factors of 1739867?
1739867
What are the prime factors of 13652715?
3, 5, 43, 61, 347
What are the prime factors of 117052?
2, 13, 2251
What are the prime factors of 8884538?
2, 13, 31, 73, 151
What are the prime factors of 10700318?
2, 5350159
List the prime factors of 852297.
3, 127, 2237
What are the prime factors of 245489?
31, 7919
What are the prime factors of 822660?
2, 3, 5, 13711
List the prime factors of 57745.
5, 11549
List the prime factors of 1619122.
2, 43, 67, 281
List the prime factors of 19363907.
19, 23, 73, 607
What are the prime factors of 5008966?
2, 311, 8053
List the prime factors of 572680.
2, 5, 103, 139
List the prime factors of 4267924.
2, 1066981
List the prime factors of 3687841.
173, 21317
Wha